.
5
Let s(q) = 8*q**3 - 102*q**2 - 22*q - 113. Give s(13).
-61
Let l(q) = q**3 + 5*q**2 + 7*q + 36. Calculate l(-5).
1
Let l(i) = -6*i + 26. Calculate l(9).
-28
Let i(u) = -u**2 - 57*u - 277. Determine i(-51).
29
Let m(l) = l**2 + 71*l - 1661. Determine m(-88).
-165
Let n(s) = 3*s**3 - 22*s**2 - 14*s - 11. What is n(8)?
5
Let u(f) = -292*f - 1132. Determine u(-4).
36
Let w(k) = 14*k**2 + 204*k + 628. Give w(-10).
-12
Let a(b) = b**3 + 17*b**2 - 8*b - 422. Calculate a(-16).
-38
Let w(j) = 219*j**2 + 1970*j - 15. Determine w(-9).
-6
Let j(u) = 471*u - 2259. Give j(5).
96
Let p(i) = 3*i**3 + 202*i**2 + 62*i - 343. What is p(-67)?
-8
Let c(m) = -m + 23. Determine c(-5).
28
Let g(u) = -3*u**3 - 23*u**2 - 10*u - 3. What is g(-7)?
-31
Let m(d) = -2*d**3 + 16*d**2 + 38*d - 7. Determine m(-3).
77
Let t(y) = y**2 - 43*y + 234. Give t(37).
12
Let c(x) = -24*x + 157. Give c(21).
-347
Let h(i) = 15*i**2 - 8*i + 15. Calculate h(2).
59
Let h(v) = 4*v**3 + 3*v**2 + 39. What is h(0)?
39
Let m(t) = 215*t - 207. Calculate m(1).
8
Let d(n) = -3*n**2 - 56*n + 298. Determine d(5).
-57
Let z(h) = -223*h - 2851. What is z(-13)?
48
Let c(j) = 4*j**2 - 396*j - 7880. Calculate c(116).
8
Let f(k) = -k**2 - 8*k + 25. Give f(14).
-283
Let v(l) = 23*l + 54. Determine v(-7).
-107
Let f(c) = c**2 + 97*c + 1234. What is f(-15)?
4
Let j(d) = 239*d - 1543. What is j(7)?
130
Let u(b) = 18*b - 101. What is u(5)?
-11
Let i(c) = -1538*c + 1545. Determine i(1).
7
Let h(b) = b**2 + 162*b - 10648. Give h(50).
-48
Let h(m) = m**3 - 19*m**2 + 66*m - 23. Determine h(6).
-95
Let p(t) = 1441*t - 11525. What is p(8)?
3
Let j(c) = c**3 + 44*c**2 + 7*c + 290. What is j(-44)?
-18
Let x(a) = -3082*a - 12324. Determine x(-4).
4
Let k(l) = -l**2 + 29*l - 159. Calculate k(7).
-5
Let p(t) = 10*t**2 - 3*t + 2. Calculate p(9).
785
Let b(c) = -4*c**3 + 47*c**2 - 37*c + 50. Calculate b(11).
6
Let u(k) = 3*k**2 - 191*k - 3378. Give u(78).
-24
Let o(g) = -1896*g + 81530. Give o(43).
2
Let o(a) = 7*a**3 - 269*a**2 + 2550*a - 7. Determine o(17).
-7
Let l(i) = -794*i + 7169. What is l(9)?
23
Let f(y) = -y**3 - 15*y**2 + 20*y - 59. Determine f(-16).
-123
Let t(o) = -o**3 + 35*o**2 - 158*o + 246. Give t(30).
6
Let w(f) = -808*f - 50899. Determine w(-63).
5
Let m(z) = -z**3 + 16*z**2 - 26*z - 19. What is m(15)?
-184
Let m(l) = l**3 - 7*l**2 + 183*l - 1054. Calculate m(6).
8
Let l(w) = -87*w**2 + 16*w - 22. What is l(2)?
-338
Let b(o) = 2*o**3 + 39*o**2 - 17*o + 40. Determine b(-20).
-20
Let m(z) = -3*z**3 + 23*z**2 - 3*z - 13. What is m(7)?
64
Let p(f) = -8*f**3 - 3*f - 4. Give p(-2).
66
Let j(c) = 119*c - 649. Calculate j(7).
184
Let x(t) = -14*t**2 - 35*t - 12. Determine x(-7).
-453
Let j(y) = -15*y**2 + 2*y + 4. Determine j(4).
-228
Let x(a) = -21*a**3 - 2*a**2 - 2*a - 1. Calculate x(-1).
20
Let x(k) = k**2 + 21*k + 175. Calculate x(-17).
107
Let v(t) = -36*t**2 - 107*t - 32. Give v(-3).
-35
Let z(g) = 55*g - 361. Determine z(15).
464
Let r(j) = j**2 - 122*j + 1221. What is r(11)?
0
Let h(a) = -2*a**3 - 164*a**2 - 164*a - 172. Calculate h(-81).
-10
Let w(c) = c**3 + 9*c**2 + 17*c + 8. What is w(-7)?
-13
Let s(r) = -11*r**2 + 13*r + 13. What is s(-1)?
-11
Let r(g) = -g**2 - 18*g + 280. Give r(-27).
37
Let l(i) = -i**3 - 8*i**2 + 5*i - 16. Calculate l(-8).
-56
Let z(n) = 93*n - 30. Calculate z(4).
342
Let z(m) = 24*m - 35. Determine z(-1).
-59
Let m(b) = -455*b**3 + 6*b**2 - 14*b + 8. Calculate m(1).
-455
Let m(o) = o**3 - 32*o**2 + 155*o - 102. Give m(26).
-128
Let m(o) = 291*o - 4685. Determine m(16).
-29
Let s(u) = -u**3 + 2*u**2 + 23*u - 153. Calculate s(5).
-113
Let y(d) = -297*d + 3. Calculate y(0).
3
Let t(x) = -1138*x + 11278. Determine t(10).
-102
Let z(h) = h**2 + 9*h - 1110. Calculate z(-38).
-8
Let g(x) = -286*x**2 + 550*x + 48. Give g(2).
4
Let k(r) = 3*r**3 + 276*r**2 - 2396*r + 401. What is k(-100)?
1
Let c(m) = 10*m**3 + 2*m**2 + m - 3. Calculate c(-2).
-77
Let t(w) = w**3 + 26*w**2 - 64*w - 78. Give t(-28).
146
Let l(v) = -v**2 + 74*v - 690. Calculate l(64).
-50
Let n(w) = 1135*w - 9059. Calculate n(8).
21
Let o(k) = -11*k - 204. Calculate o(-20).
16
Let b(i) = -i**3 - 9*i**2 - 2*i - 8. Determine b(-2).
-32
Let w(i) = i**3 + 28*i**2 + 55*i + 22. Determine w(-26).
-56
Let p(x) = x**2 - 9*x - 157. What is p(-9)?
5
Let b(l) = -l**3 + 16*l**2 - 65*l + 90. Calculate b(11).
-20
Let h(i) = -6*i**3 + 7*i**2 - 8*i + 3. Give h(1).
-4
Let j(i) = 337*i + 90981. Give j(-270).
-9
Let t(u) = -u**2 + 11*u + 60. Calculate t(-4).
0
Let w(t) = t**3 + 6*t**2 - 2*t - 17. Determine w(-4).
23
Let u(x) = x**3 - 148*x**2 - 9167*x - 92. Determine u(-47).
2
Let j(q) = 17*q - 289. Calculate j(23).
102
Let t(v) = -18*v**2 + 3*v + 6. Determine t(4).
-270
Let l(j) = j**2 + 101*j + 699. Determine l(-7).
41
Let a(g) = -g**3 - 41*g**2 - 87*g - 348. Give a(-39).
3
Let c(j) = -3*j**2 + 11*j + 62. Determine c(-3).
2
Let d(k) = 843*k + 16842. Determine d(-20).
-18
Let o(i) = 1050*i - 8400. Calculate o(8).
0
Let i(j) = -j**2 - 90*j + 988. Calculate i(-100).
-12
Let h(x) = -x**3 + 6*x**2 + 17*x - 92. Determine h(4).
8
Let k(t) = 7*t - 41. What is k(14)?
57
Let d(p) = -p**3 - 13*p**2 - 17*p - 78. What is d(-12)?
-18
Let j(y) = -70*y - 464. Calculate j(-7).
26
Let b(z) = z**3 + 14*z**2 - 18*z + 4. Determine b(-14).
256
Let u(m) = 2*m**3 - 76*m**2 + 222*m - 409. What is u(35)?
11
Let q(y) = y**2 + 2790*y + 69114. Give q(-25).
-11
Let x(o) = -o**3 + 28*o**2 - 13*o - 435. What is x(27)?
-57
Let c(v) = 51*v**2 - 306*v - 5. Give c(6).
-5
Let k(j) = -11*j - 198. Determine k(-11).
-77
Let p(s) = -3514*s + 3516. What is p(1)?
2
Let y(u) = -3*u**2 + 454*u - 4791. Calculate y(11).
-160
Let i(s) = -22067*s - 198609. What is i(-9)?
-6
Let v(z) = -77*z + 368. Give v(5).
-17
Let i(q) = -3401*q - 44213. What is i(-13)?
0
Let i(z) = 71*z - 40. Determine i(-2).
-182
Let s(j) = 2*j**2 + 18*j + 64. Give s(-8).
48
Let v(g) = g**3 - 24*g + 10. Give v(-6).
-62
Let v(z) = -2*z**2 - 612*z - 27606. Calculate v(-55).
4
Let s(i) = 123*i**2 + 265*i + 6. Give s(-2).
-32
Let m(n) = -2*n**3 - 18*n**2 + 91*n + 227. Calculate m(-12).
-1
Let v(j) = -2*j**3 - 174*j**2 - 1535*j + 46. Calculate v(-10).
-4
Let d(j) = 28*j - 138. What is d(-12)?
-474
Let g(x) = x**3 - 15*x**2 + 10*x + 166. Determine g(13).
-42
Let d(u) = -u**2 + 27*u - 60. Calculate d(23).
32
Let q(y) = 19*y**2 - 26*y - 150. Determine q(-7).
963
Let r(b) = -69*b**2 + 14*b - 28. Give r(2).
-276
Let w(j) = -2*j**2 + 25*j - 76. Calculate w(3).
-19
Let v(g) = -15*g**2 + 492*g + 96. Determine v(33).
-3
Let i(q) = 3*q**2 + 6*q - 13. Determine i(7).
176
Let u(d) = -27*d + 41. Determine u(5).
-94
Let q(d) = -329*d + 10847. Give q(33).
-10
Let f(t) = 96*t - 2. Determine f(2).
190
Let f(q) = 5*q**3 + 85*q**2 - 7*q - 111. Calculate f(-17).
8
Let x(l) = 2*l**3 - 35*l**2 - 134*l - 41. Give x(21).
232
Let b(k) = -k**3 - 7*k + 13. What is b(2)?
-9
Let i(y) = -y**3 - 6*y**2 - 3*y + 35. Calculate i(3).
-55
Let n(z) = 4*z**2 - 26*z + 33. Give n(5).
3
Let p(q) = -149*q + 5251. Give p(35).
36
Let i(d) = -12*d**2 + 61*d - 189. What is i(3)?
-114
Let l(g) = 14*g**2 + 364*g + 1. What is l(-26)?
1
Let c(a) = 3*a**2 + 24*a - 33. What is c(-11)?
66
Let f(u) = 2*u**3 + 52*u**2 - 203*u - 6319. Give f(-25).
6
Let y(u) = 5*u - 23. What is y(5)?
2
Let l(j) = -63*j - 1483. Determine l(-27).
218
Let h(p) = p**2 - 65*p + 937. Give h(43).
-9
Let f(h) = -966*h + 5839. Give f(6).
43
Let h(u) = -u**3 + 2*u**2 + 68*u - 307. Give h(5).
-42
Let u(b) = b**2 - 253*b + 14131. Determine u(82).
109
Let g(u) = -7*u**2 + 12*u + 28. What is g(-2)?
-24
Let b(y) = -156*y**2 + 4522*y + 63. Give b(29).
5
Let q(v) = -v**3 - 135*v**2 + 143*v + 928. Give q(-136).
-24
Let d(a) = -24*a**2 + 102*a - 1. Give d(-1).
-127
Let w(z) = -5*z**2 + 54*z + 180. What is w(-3)?
-27
Let z(u) = u**3 + 13*u**2 + 31*u + 47. Determine z(-9).
92
Let l(s) = s**3 + 6*s**2 - 20*s - 24. What is l(-8)?
8
Let h(x) = x**3 + 55*x**2 + 201*x + 14. Determine h(-51).
167
Let m(a) = -a**3 - 13*a**2 + 41*a - 93. Determine m(-16).
19
Let g(z) = -z**3 - 5*z**2 - z - 34. Calculate g(-6).
8
Let v(r) = r**3 - 81*r**2 - 440*r + 843. What is v(86)?
-17
Let r(j) = -403*j + 5308. Calculate r(14).
-334
Let u(i) = 18*i - 5. What is u(-3)?
-59
Let d(u) = 4*u**2 + 84*u + 83. Calculate d(-1).
3
Let x(l)